{"id":101,"date":"2019-01-07T19:06:13","date_gmt":"2019-01-07T18:06:13","guid":{"rendered":"http:\/\/siforl.org\/?page_id=101"},"modified":"2022-04-28T09:27:03","modified_gmt":"2022-04-28T07:27:03","slug":"congres-a-venir","status":"publish","type":"page","link":"https:\/\/siforl.org\/index.php\/congres-a-venir\/","title":{"rendered":"Congr\u00e8s \u00e0 venir"},"content":{"rendered":"\n<p>Le prochain congr\u00e8s de la SIFORL se tiendra du 07 au 10 Juin 2023 \u00e0 Grand-Bassam en C\u00f4te d&rsquo;Ivoire, organis\u00e9 par l&rsquo;\u00e9quipe du Professeur ADJOUA.<\/p>\n\n\n\n<p><\/p>\n\n\n\n<p>Vous trouverez ci-apr\u00e8s la lettre du Professeur AJOUA ainsi que le pr\u00e9-programme du congr\u00e8s<\/p>\n\n\n\n<p><\/p>\n\n\n\n<div class=\"wp-block-file\"><a id=\"wp-block-file--media-78ecd984-a4aa-4cb0-8532-703e1b801f1c\" href=\"http:\/\/siforl.org\/wp-content\/uploads\/2022\/04\/Lettre-Pr-ADJOUA-SIFORL-2023.docx\">Lettre-Pr-ADJOUA-SIFORL-2023<\/a><a href=\"http:\/\/siforl.org\/wp-content\/uploads\/2022\/04\/Lettre-Pr-ADJOUA-SIFORL-2023.docx\" class=\"wp-block-file__button\" download aria-describedby=\"wp-block-file--media-78ecd984-a4aa-4cb0-8532-703e1b801f1c\">T\u00e9l\u00e9charger<\/a><\/div>\n\n\n\n<div class=\"wp-block-file\"><a id=\"wp-block-file--media-57ceb3ac-27c2-420a-9520-175af887dd6d\" href=\"http:\/\/siforl.org\/wp-content\/uploads\/2022\/04\/PREPROGRAMME-SIFORL-2023.docx\">PREPROGRAMME-SIFORL-2023<\/a><a href=\"http:\/\/siforl.org\/wp-content\/uploads\/2022\/04\/PREPROGRAMME-SIFORL-2023.docx\" class=\"wp-block-file__button\" download aria-describedby=\"wp-block-file--media-57ceb3ac-27c2-420a-9520-175af887dd6d\">T\u00e9l\u00e9charger<\/a><\/div>\n","protected":false},"excerpt":{"rendered":"<p>Le prochain congr\u00e8s de la SIFORL se tiendra du 07 au 10 Juin 2023 \u00e0 Grand-Bassam en C\u00f4te d&rsquo;Ivoire, organis\u00e9 par l&rsquo;\u00e9quipe du Professeur ADJOUA. Vous trouverez ci-apr\u00e8s la lettre du Professeur AJOUA ainsi que le pr\u00e9-programme du congr\u00e8s<\/p>\n","protected":false},"author":1,"featured_media":0,"parent":0,"menu_order":0,"comment_status":"closed","ping_status":"closed","template":"","meta":[],"_links":{"self":[{"href":"https:\/\/siforl.org\/index.php\/wp-json\/wp\/v2\/pages\/101"}],"collection":[{"href":"https:\/\/siforl.org\/index.php\/wp-json\/wp\/v2\/pages"}],"about":[{"href":"https:\/\/siforl.org\/index.php\/wp-json\/wp\/v2\/types\/page"}],"author":[{"embeddable":true,"href":"https:\/\/siforl.org\/index.php\/wp-json\/wp\/v2\/users\/1"}],"replies":[{"embeddable":true,"href":"https:\/\/siforl.org\/index.php\/wp-json\/wp\/v2\/comments?post=101"}],"version-history":[{"count":13,"href":"https:\/\/siforl.org\/index.php\/wp-json\/wp\/v2\/pages\/101\/revisions"}],"predecessor-version":[{"id":201,"href":"https:\/\/siforl.org\/index.php\/wp-json\/wp\/v2\/pages\/101\/revisions\/201"}],"wp:attachment":[{"href":"https:\/\/siforl.org\/index.php\/wp-json\/wp\/v2\/media?parent=101"}],"curies":[{"name":"wp","href":"https:\/\/api.w.org\/{rel}","templated":true}]}}